{"id":1048,"date":"2014-10-20T10:16:48","date_gmt":"2014-10-20T09:16:48","guid":{"rendered":"http:\/\/www.fabricantsdefilms.occitanie-films.fr\/?page_id=1048"},"modified":"2016-11-30T15:58:56","modified_gmt":"2016-11-30T14:58:56","slug":"directeur-de-la-photographie-2","status":"publish","type":"page","link":"https:\/\/www.fabricantsdefilms.occitanie-films.fr\/?page_id=1048","title":{"rendered":"Directeur de la photographie"},"content":{"rendered":"<h2><em><a href=\"http:\/\/www.fabricantsdefilms.occitanie-films.fr\/wp-content\/uploads\/2014\/10\/robert.jpg\"><img loading=\"lazy\" decoding=\"async\" class=\"alignleft size-medium wp-image-891\" src=\"http:\/\/www.fabricantsdefilms.occitanie-films.fr\/wp-content\/uploads\/2014\/10\/robert-430x430.jpg\" alt=\"Robert\" width=\"430\" height=\"430\" srcset=\"https:\/\/www.fabricantsdefilms.occitanie-films.fr\/wp-content\/uploads\/2014\/10\/robert-430x430.jpg 430w, https:\/\/www.fabricantsdefilms.occitanie-films.fr\/wp-content\/uploads\/2014\/10\/robert-150x150.jpg 150w, https:\/\/www.fabricantsdefilms.occitanie-films.fr\/wp-content\/uploads\/2014\/10\/robert-700x700.jpg 700w, https:\/\/www.fabricantsdefilms.occitanie-films.fr\/wp-content\/uploads\/2014\/10\/robert-800x800.jpg 800w, https:\/\/www.fabricantsdefilms.occitanie-films.fr\/wp-content\/uploads\/2014\/10\/robert-500x500.jpg 500w, https:\/\/www.fabricantsdefilms.occitanie-films.fr\/wp-content\/uploads\/2014\/10\/robert.jpg 2000w\" sizes=\"auto, (max-width: 430px) 100vw, 430px\" \/><\/a>\u00ab\u00a0Pour faire un film, il faut trouver les moyens de passer de l\u2019\u00e9crit \u00e0 l\u2019image avec la lumi\u00e8re et le cadre.\u00a0\u00bb<br \/>\n<\/em><\/h2>\n<h1>J\u00c9R\u00d4ME ROBERT, <a href=\"https:\/\/www.coreps-languedoc-roussillon.pro\/tournage\/image\/directeur-de-la-photographie.html\" target=\"_blank\">Directeur de la photographie<\/a><\/h1>\n<p>&nbsp;<\/p>\n<p>&nbsp;<\/p>\n<p style=\"text-align: justify;\">La lumi\u00e8re au cin\u00e9ma, l\u2019architecture et la musique, sont les trois passions d\u2019un homme \u00e9l\u00e9gant et passionn\u00e9 par le rythme. D\u2019origine fran\u00e7aise et n\u00e9 au Canada, il traverse l\u2019Atlantique \u00e0 dix-huit ans pour venir en France et vit aujourd\u2019hui \u00e0 La Boissi\u00e8re dans le Gard. Form\u00e9 \u00e0 l\u2019IDHEC*1 entre 1979 et 1981, il se pla\u00eet \u00e0 dire qu\u2019on ne choisit pas sa carri\u00e8re, que ce sont les rencontres qui nous m\u00e8nent sur le chemin du hasard.<br \/>\nDans un secteur o\u00f9 les professionnels sont vite reli\u00e9s \u00e0 des genres ou des techniques, il rencontre le r\u00e9alisateur et producteur Christophe Gans et participe ainsi au magazine Starfix.\u00a0 Il interviewe de nombreux professionnels \u00e0 diff\u00e9rents postes et cr\u00e9e deux rubriques, l\u2019une sur le court m\u00e9trage, l\u2019autre sur la publicit\u00e9 \u2013 une premi\u00e8re dans la presse \u00e0 grand tirage dans les ann\u00e9es 1980. Cadreur pour la t\u00e9l\u00e9vision, on lui confie rapidement la direction de la photographie pour des courts m\u00e9trages, des clips et des publicit\u00e9s.<br \/>\nLe cin\u00e9ma est pour lui l\u2019art de la r\u00e9volution dans tous les sens du terme\u00a0: une nouvelle cam\u00e9ra sort tous les six mois et gr\u00e2ce aux remises en question que cela implique, le directeur de la photo peut se renouveler voire innover dans les prises de vue.<br \/>\nIl rejoint l\u2019\u00e9quipe d\u2019un film apr\u00e8s la phase d\u2019\u00e9criture et de financement. Ses premiers contacts avec le r\u00e9alisateur tissent l\u2019indicible autour d\u2019impressions, d\u2019id\u00e9es visuelles. Pour faire des propositions artistiques, il aime se rem\u00e9morer ses premi\u00e8res \u00e9motions lors de sa lecture du sc\u00e9nario. Au moment de la pr\u00e9paration, les relations entre les chefs de postes s\u2019\u00e9panouissent. En faisant des essais, au cours d\u2019\u00e9changes et de r\u00e9flexions, le projet s\u2019affine. Plus le d\u00e9cor est important, plus les lumi\u00e8res doivent \u00eatre pens\u00e9es en amont et cela n\u00e9cessite une anticipation pr\u00e9cise avec les chefs machiniste et \u00e9lectricien.<br \/>\nD\u00e8s qu\u2019il est confirm\u00e9 sur un tournage, il constitue son \u00e9quipe en veillant \u00e0 la parit\u00e9. Quand le tournage est itin\u00e9rant comme pour <em><strong>L\u2019\u00c9pervier<\/strong> <\/em>&#8211; s\u00e9rie t\u00e9l\u00e9vis\u00e9e de St\u00e9phane Clavier diffus\u00e9e en 2011 -, il recrute des techniciens locaux qui apportent un autre regard. Avant le tournage, il filme certaines r\u00e9p\u00e9titions, o\u00f9 les \u00ab\u00a0techniciens mal ras\u00e9s prennent le costume de com\u00e9diens\u00a0\u00bb pour chor\u00e9graphier des sc\u00e8nes et bien cerner les s\u00e9quences. Dans la mise en \u0153uvre de ce travail d\u2019\u00e9quipe, chacun propose des solutions et les contraintes \u00e9conomiques peuvent le conduire \u00e0 innover. Pendant le montage, le directeur de la photo est peu sollicit\u00e9 mais il revient pour le retake*2 et l\u2019\u00e9talonnage.<br \/>\nL\u2019itin\u00e9rance est le quotidien de nombreux professionnels du cin\u00e9ma. \u00ab\u00a0Accueillir et \u00eatre accueilli\u00a0\u00bb est pour J\u00e9r\u00f4me Robert \u00ab\u00a0ce qu\u2019il y a de plus beau au monde\u00a0\u00bb. Les rencontres fortuites dans une soci\u00e9t\u00e9 o\u00f9 beaucoup de choses sont d\u00e9mat\u00e9rialis\u00e9es permettent de s\u2019enrichir en permanence.<br \/>\nQuand il \u00e9labore ses propositions visuelles en tenant compte des contraintes de production, il n\u2019h\u00e9site pas \u00e0 bouleverser sa fa\u00e7on de proc\u00e9der. Avec <em><strong>A bout de souffle<\/strong><\/em> en 1960, Jean-Luc Godard a provoqu\u00e9 un rendez-vous avec l\u2019histoire du cin\u00e9ma, les obligations impos\u00e9es au r\u00e9alisateur l\u2019ont pouss\u00e9 \u00e0 cr\u00e9er un chef-d\u2019\u0153uvre. Avec <em><strong>Ida<\/strong><\/em>*3&Prime;, Pawel Pawlikowski nous oblige \u00e0 interroger les notions de cadre et de format. Ce sont des partis pris tr\u00e8s forts qui d\u00e9clenchent des troubles et J\u00e9r\u00f4me Robert observe cela avec beaucoup d\u2019admiration. Le directeur de la photographie a une responsabilit\u00e9 importante sur un tournage, il doit g\u00e9rer des pressions, savoir s\u2019apaiser avant que l\u2019\u00e9nervement ne monte, le stress doit se transformer en une \u00e9nergie renouvelable et stimuler la cr\u00e9ation.<\/p>\n<address style=\"text-align: justify;\">\u00a0<\/address>\n<address style=\"text-align: justify;\">*1 Institut des hautes \u00e9tudes cin\u00e9matographiques devenue La F\u00e9mis en 1988<br \/>\n*2 Action de r\u00e9aliser une nouvelle prise une fois le tournage termin\u00e9<br \/>\n*3 Avec \u0141ukasz Zal \u00e0 la prise de vue<\/address>\n<h3><\/h3>\n<p>&nbsp;<\/p>\n<h3>5 dates qui ont marqu\u00e9 le parcours de J\u00e9r\u00f4me Robert :<\/h3>\n<p>Ann\u00e9e de naissance : <strong>1958<\/strong><br \/>\nFormation ou rencontre la plus significative : <strong>1998<\/strong> &#8211; ma rencontre avec la lumi\u00e8re du nord dans le cercle arctique. Elle m&rsquo;a permis de mieux cerner cette lumi\u00e8re tr\u00e8s particuli\u00e8re, \u00ab\u00a0oniriquement naturelle\u00a0\u00bb des peintres scandinaves, notamment Edvard Munch (\u00ab\u00a0le cri\u00a0\u00bb, \u00ab\u00a0cendres\u00a0\u00bb, \u00ab\u00a0danse de la vie\u00a0\u00bb,&#8230;), et de comprendre \u00e0 quel point la lumi\u00e8re p\u00e9n\u00e8tre les objets et les personnes pour devenir \u00e9motion.<br \/>\nArriv\u00e9e en r\u00e9gion : <strong>1993<\/strong> de fa\u00e7on d\u00e9finitive.<br \/>\nPremier film sur lequel tu as travaill\u00e9 pour le cin\u00e9ma : <strong>1993<\/strong> &#8211; <em><strong>Je m&rsquo;appelle Victor<\/strong><\/em> de Guy Jacques.<br \/>\nDate de ton choix par rapport \u00e0 un \u00e9v\u00e9nement int\u00e9ressant qui te tient \u00e0 c\u0153ur : <strong>1893<\/strong> &#8211; La Nouvelle Z\u00e9lande est le premier pays \u00e0 accorder le droit de vote aux femmes.<\/p>\n<p>&nbsp;<\/p>\n<h3>Films qui ont marqu\u00e9 le parcours de J\u00e9r\u00f4me Robert :<\/h3>\n<p>Le premier : <em><strong>Je m&rsquo;appelle Victor<\/strong><\/em> de Guy Jacques, 1993<br \/>\nLe plus extr\u00eame : <em><strong>Commander Hamilton<\/strong><\/em> de Harald Zwart, 1998<br \/>\nLe plus insolite : <em><strong>Iznogoud<\/strong><\/em> de Patrick Braoud\u00e9, 2005<br \/>\nLe plus agr\u00e9able : <em><strong>Camping<\/strong><\/em> de Fabien Onteniente, 2006<br \/>\nLe plus sombre : <em><strong>Le Serpent<\/strong><\/em> de Eric Barbier, 2007<\/p>\n<p>&nbsp;<\/p>\n<h3 style=\"text-align: left;\" align=\"CENTER\">Son actualit\u00e9\u00a0:<\/h3>\n<p><em><strong>Et mon c\u0153ur transparent<\/strong><\/em> de David et Rapha\u00ebl Vial Durand, 2015<\/p>\n<p>&nbsp;<\/p>\n<p>&nbsp;<\/p>\n","protected":false},"excerpt":{"rendered":"<p>\u00ab\u00a0Pour faire un film, il faut trouver les moyens de passer de l\u2019\u00e9crit \u00e0 l\u2019image avec la lumi\u00e8re et le cadre.\u00a0\u00bb J\u00c9R\u00d4ME ROBERT, Directeur de la photographie &nbsp; &nbsp; La lumi\u00e8re au cin\u00e9ma, l\u2019architecture et la musique, sont les trois passions d\u2019un homme \u00e9l\u00e9gant et passionn\u00e9 par le rythme. D\u2019origine fran\u00e7aise et n\u00e9 au Canada, il traverse l\u2019Atlantique \u00e0 dix-huit ans pour venir en France et vit aujourd\u2019hui \u00e0 La Boissi\u00e8re dans le Gard. Form\u00e9 \u00e0 l\u2019IDHEC*1 entre 1979 et 1981, il se pla\u00eet \u00e0 dire qu\u2019on ne choisit pas sa carri\u00e8re, que ce sont les rencontres qui nous m\u00e8nent [&hellip;]<\/p>\n","protected":false},"author":1,"featured_media":0,"parent":0,"menu_order":23,"comment_status":"closed","ping_status":"closed","template":"template-fullwidth.php","meta":{"footnotes":""},"class_list":["post-1048","page","type-page","status-publish","hentry"],"_links":{"self":[{"href":"https:\/\/www.fabricantsdefilms.occitanie-films.fr\/index.php?rest_route=\/wp\/v2\/pages\/1048","targetHints":{"allow":["GET"]}}],"collection":[{"href":"https:\/\/www.fabricantsdefilms.occitanie-films.fr\/index.php?rest_route=\/wp\/v2\/pages"}],"about":[{"href":"https:\/\/www.fabricantsdefilms.occitanie-films.fr\/index.php?rest_route=\/wp\/v2\/types\/page"}],"author":[{"embeddable":true,"href":"https:\/\/www.fabricantsdefilms.occitanie-films.fr\/index.php?rest_route=\/wp\/v2\/users\/1"}],"replies":[{"embeddable":true,"href":"https:\/\/www.fabricantsdefilms.occitanie-films.fr\/index.php?rest_route=%2Fwp%2Fv2%2Fcomments&post=1048"}],"version-history":[{"count":7,"href":"https:\/\/www.fabricantsdefilms.occitanie-films.fr\/index.php?rest_route=\/wp\/v2\/pages\/1048\/revisions"}],"predecessor-version":[{"id":1899,"href":"https:\/\/www.fabricantsdefilms.occitanie-films.fr\/index.php?rest_route=\/wp\/v2\/pages\/1048\/revisions\/1899"}],"wp:attachment":[{"href":"https:\/\/www.fabricantsdefilms.occitanie-films.fr\/index.php?rest_route=%2Fwp%2Fv2%2Fmedia&parent=1048"}],"curies":[{"name":"wp","href":"https:\/\/api.w.org\/{rel}","templated":true}]}}