{"id":2703,"date":"2019-03-25T12:31:17","date_gmt":"2019-03-25T11:31:17","guid":{"rendered":"http:\/\/www.fabricantsdefilms.occitanie-films.fr\/?page_id=2703"},"modified":"2024-03-05T16:58:26","modified_gmt":"2024-03-05T15:58:26","slug":"corinne-cartaillac-2-3-4-3-6-3-3-2","status":"publish","type":"page","link":"https:\/\/www.fabricantsdefilms.occitanie-films.fr\/?page_id=2703","title":{"rendered":"R\u00e9alisatrice et productrice de films de danse"},"content":{"rendered":"<h2><em><a href=\"http:\/\/www.fabricantsdefilms.occitanie-films.fr\/wp-content\/uploads\/2019\/03\/julie_charrier.jpg\"><img loading=\"lazy\" decoding=\"async\" class=\"alignleft wp-image-2682 size-medium\" src=\"http:\/\/www.fabricantsdefilms.occitanie-films.fr\/wp-content\/uploads\/2019\/03\/julie_charrier-430x430.jpg\" alt=\"\" width=\"430\" height=\"430\" srcset=\"https:\/\/www.fabricantsdefilms.occitanie-films.fr\/wp-content\/uploads\/2019\/03\/julie_charrier-430x430.jpg 430w, https:\/\/www.fabricantsdefilms.occitanie-films.fr\/wp-content\/uploads\/2019\/03\/julie_charrier-150x150.jpg 150w, https:\/\/www.fabricantsdefilms.occitanie-films.fr\/wp-content\/uploads\/2019\/03\/julie_charrier-768x768.jpg 768w, https:\/\/www.fabricantsdefilms.occitanie-films.fr\/wp-content\/uploads\/2019\/03\/julie_charrier-700x700.jpg 700w, https:\/\/www.fabricantsdefilms.occitanie-films.fr\/wp-content\/uploads\/2019\/03\/julie_charrier-800x800.jpg 800w, https:\/\/www.fabricantsdefilms.occitanie-films.fr\/wp-content\/uploads\/2019\/03\/julie_charrier-500x500.jpg 500w, https:\/\/www.fabricantsdefilms.occitanie-films.fr\/wp-content\/uploads\/2019\/03\/julie_charrier-2048x2048.jpg 2048w\" sizes=\"auto, (max-width: 430px) 100vw, 430px\" \/><\/a> \u00ab Quand j\u2019ai d\u00e9couvert les vid\u00e9os-danse, v\u00e9ritables courts m\u00e9trages de cr\u00e9ation, plus que de simples captations, \u00e7a m\u2019a ouvert l\u2019esprit et j\u2019ai d\u00e9cid\u00e9 d\u2019arr\u00eater la danse pour reprendre des \u00e9tudes de cin\u00e9ma \u00e0 Paris 3. \u00bb<br \/>\n<\/em><\/h2>\n<h1>JULIE CHARRIER, R\u00e9alisatrice et productrice de films de danse<\/h1>\n<p style=\"text-align: justify;\">D\u00e8s l\u2019\u00e2ge de 4 ans, Julie Charrier danse. Pas sur le pont, mais au conservatoire d\u2019Avignon, elle suit les cours de la m\u00e9thode Ir\u00e8ne Popard, d\u00e9coulant elle-m\u00eame de la libert\u00e9 apport\u00e9e \u00e0 la pratique par Isadora Duncan. L\u2019enfance, fertile, voit aussi l\u2019av\u00e8nement d\u2019une volont\u00e9 cr\u00e9atrice\u00a0: \u00ab\u00a0<em>Avant de me coucher, j\u2019accrochais des feuilles de papier sur lesquelles j\u2019avais esquiss\u00e9 des chor\u00e9graphies. Je ne faisais que \u00e7a.<\/em>\u00a0\u00bb Un cursus sport-\u00e9tudes jusqu\u2019en terminale parach\u00e8ve cette passion pour le mouvement. Dans la Chartreuse d\u2019Avignon, elle suit les cours d\u2019\u00e9t\u00e9 de Carolyn Carlson et voit d\u00e9filer toute la danse postmoderne. Julie int\u00e8gre ensuite le CNDC d\u2019Angers, s\u2019y forme pendant 1 an, puis r\u00e9alise \u00e0 la fin du cursus qu\u2019elle ne veut ni \u00eatre interpr\u00e8te, ni chor\u00e9graphe. \u00ab\u00a0<em>Quand j\u2019ai d\u00e9couvert les vid\u00e9os-danse, v\u00e9ritables courts m\u00e9trages de cr\u00e9ation, plus que de simples captations, \u00e7a m\u2019a ouvert l\u2019esprit et j\u2019ai d\u00e9cid\u00e9 d\u2019arr\u00eater la danse pour reprendre des \u00e9tudes de cin\u00e9ma \u00e0 Paris 3.<\/em>\u00a0\u00bb<\/p>\n<p style=\"text-align: justify;\">Le premier film de Julie Charrier porte sur la tradition orale et le cin\u00e9ma en Afrique. Un sujet qui pr\u00e9figure les films \u00e0 venir, tant la danse se transmet par la locution. Elle rejoint la soci\u00e9t\u00e9 de production Les Films d\u2019Ici et apprend le m\u00e9tier de production de documentaires, engag\u00e9s, artistiques. La rencontre de Leslie Grunberg s\u2019av\u00e8re d\u00e9terminante puisqu\u2019avec Les Films P\u00e9n\u00e9lope, l\u2019homme se consacre particuli\u00e8rement aux m\u00e9trages de danse. \u00ab <em>\u00c0 l\u2019\u00e9poque, il y avait chaque semaine des films de 26 minutes de danse sur Arte. J\u2019ai r\u00e9alis\u00e9 \u00e0 ce moment-l\u00e0 que tout ce que j\u2019avais fait auparavant n\u2019\u00e9tait pas pour rien. Tout mon parcours avait une coh\u00e9rence<\/em> \u00bb se souvient Julie. Servir la danse, par l\u2019image, concorde avec la volont\u00e9 des cha\u00eenes de diffuser des contenus sur la discipline. La danse visible en dehors du th\u00e9\u00e2tre vit ses heures d\u2019apog\u00e9e. Elle contribue alors \u00e0 l&rsquo;\u00e9mergence de nombreux projets en tant que conseill\u00e8re, \u00e9ditorialiste, directrice artistique, productrice ou r\u00e9alisatrice et participe \u00e0 la cr\u00e9ation de contenus num\u00e9riques, de films, d&rsquo;aventures de territoires ou d&rsquo;expositions qui permettent de transmettre le sensible au plus grand nombre.<\/p>\n<p style=\"text-align: justify;\">L\u2019autre pendant de cette facult\u00e9 \u00e0 capter l\u2019\u00e9ph\u00e9m\u00e8re s\u2019inscrit sur la plateforme Numeridanse.tv, lanc\u00e9e en 2011. Proche du vid\u00e9aste Charles Picq, elle le rejoint afin de dresser l\u2019inventaire du patrimoine film\u00e9 de la danse contemporaine. Dans la foul\u00e9e, le Minist\u00e8re de la Culture lui demande de coordonner la num\u00e9risation des fonds audiovisuels des 19 CCN fran\u00e7ais. L\u2019immersion dans cette galaxie chor\u00e9graphique permet un travail \u00e9ditorial sur la m\u00e9moire d\u2019une danse dont le caract\u00e8re \u00e9ph\u00e9m\u00e8re fr\u00f4le l\u2019\u00e9vanescence. En 2015, la c\u00e9l\u00e9bration des 30 ans des CCN am\u00e8ne Julie \u00e0 produire une plateforme d\u00e9di\u00e9e (<a href=\"http:\/\/www.30ansdanse.fr\" target=\"_blank\" rel=\"noopener noreferrer\">www.30ansdanse.fr<\/a>) retra\u00e7ant leur \u00e9pop\u00e9e\u00a0: \u00ab\u00a0<em>Je n\u2019ai jamais autant travaill\u00e9 de ma vie, mais c\u2019\u00e9tait passionnant. On a livr\u00e9 une sorte de bo\u00eete de chocolats dansants<\/em>.\u00a0\u00bb<br \/>\nL\u2019arriv\u00e9e de la r\u00e9alit\u00e9 virtuelle permet \u00e0 Julie de travailler avec Radhouane el Meddeb et Philippe Decoufl\u00e9 pour l\u2019\u00e9dition 2017 du festival d\u2019Avignon. \u00ab\u00a0<em>Pour<\/em> <em><strong>Face \u00e0 la mer<\/strong><\/em> <em>de Radhouane, on est all\u00e9 filmer dans le d\u00e9sert. J\u2019ai assur\u00e9 la r\u00e9alisation de ce projet. C\u2019est l\u2019une des premi\u00e8res fois que je laissais ma griffe<\/em>.\u00a0\u00bb<\/p>\n<p style=\"text-align: justify;\">Apr\u00e8s la r\u00e9alisation de webdocumentaires, Julie retourne ensuite au CNDC d\u2019Angers, o\u00f9 elle pr\u00e9sente un film sur les 40 ans de la structure. Si elle avoue \u00eatre troubl\u00e9e par ce retour, 30 ans apr\u00e8s avoir fr\u00e9quent\u00e9 le CNDC comme \u00e9tudiante, elle voit, au-del\u00e0 de l\u2019acuit\u00e9, une sorte de signe du destin. \u00ab Cette fois, la boucle est boucl\u00e9e. \u00bb<br \/>\nElle co-r\u00e9alise avec Yvan Schreck, deux documentaires de 52\u2019 <em><strong>Nous, la danse<\/strong><\/em>, sur les \u00e9tudiants du CNDC d\u2019Angers et <em><strong>Nos th\u00e9\u00e2tres<\/strong><\/em>, sur les \u00e9tudiants du Th\u00e9\u00e2tre National de Bretagne. Elle r\u00e9alise un documentaire de 52\u2019 Compositions sur une masterclass d\u2019improvisation men\u00e9e par le danseur Dominique Petit au CNDC d\u2019Angers.<\/p>\n<p>\u00c0 Avignon, l\u00e0 ou elle vit, elle a repris avec un collectif, la direction du Parcours de l&rsquo;art, Festival d&rsquo;art contemporain (www.parcoursdelart.com) et \u00e9crit pour Arte Concert, la s\u00e9rie\u00a0<em><strong>Sur le Pont d&rsquo;Avignon on y chante,\u00a0<\/strong><\/em>9 courts-m\u00e9trages qui (r\u00e9)enchantent le Pont.<\/p>\n<p>Elle est aussi responsable p\u00e9dagogique et artistique de la formation Classe d\u00e9part et des projets et r\u00e9sidences de territoire \u00e0 l&rsquo;ann\u00e9e pour le th\u00e9\u00e2tre La Manufacture.<\/p>\n<h3 style=\"text-align: justify;\">5 dates qui ont marqu\u00e9 le parcours de Julie Charrier :<\/h3>\n<p style=\"text-align: justify;\"><strong>1989 <\/strong>: Apr\u00e8s avoir \u00e9chou\u00e9 une premi\u00e8re fois, l&rsquo;ann\u00e9e de mon Bac, j&rsquo;ai r\u00e9ussi le concours du CNDC (Centre national de danse contemporaine). J&rsquo;\u00e9tais plus libre dans mon corps apr\u00e8s une ann\u00e9e en auditeur libre.<br \/>\n<strong>1993<\/strong> : J&rsquo;ai propos\u00e9 \u00e0 mon ma\u00eetre de ma\u00eetrise de r\u00e9aliser un film documentaire pour soutenir mon master de cin\u00e9ma sur la tradition orale et le cin\u00e9ma.<br \/>\n<strong>2002<\/strong> : Je pr\u00e9parais mon premier direct de danse pour ARTE avec 8 compagnies internationales r\u00e9unies sur la sc\u00e8ne de la Maison de la danse de Lyon.<br \/>\n<strong>2015<\/strong> : Pour les 30 ans des CCN, j\u2019ai r\u00e9alis\u00e9 une fresque sur le net, sorte de nuancier Pantone qui raconte en 30 pastilles de 1mn 30, 30 ans de danse en France.<br \/>\n<strong>2016<\/strong> : Convaincue par mes proches, j&rsquo;ai pr\u00e9sent\u00e9 ma candidature pour la direction du Centre de d\u00e9veloppement chor\u00e9graphique des Hivernales. J&rsquo;ai \u00e9t\u00e9 pr\u00e9 s\u00e9lectionn\u00e9e.<\/p>\n<h3><\/h3>\n<h3 style=\"text-align: justify;\">5 films qui ont marqu\u00e9 le parcours de Julie Charrier :<\/h3>\n<p style=\"text-align: justify;\"><em><strong>La Favorite<\/strong><\/em> de Yorgos Lanthimos, 2018<br \/>\n<em><strong>Moonlight<\/strong><\/em> de Barry Jenkins, 2016<br \/>\n<em><strong>Les Amants du Pont neuf<\/strong><\/em> de L\u00e9os Carax, 1991<br \/>\n<em><strong>Paris, Texas<\/strong><\/em> de Wim Wenders, 1984<br \/>\n<em><strong>Les Enfants du Paradis<\/strong><\/em> de Marcel Carn\u00e9, 1945<\/p>\n","protected":false},"excerpt":{"rendered":"<p>\u00ab Quand j\u2019ai d\u00e9couvert les vid\u00e9os-danse, v\u00e9ritables courts m\u00e9trages de cr\u00e9ation, plus que de simples captations, \u00e7a m\u2019a ouvert l\u2019esprit et j\u2019ai d\u00e9cid\u00e9 d\u2019arr\u00eater la danse pour reprendre des \u00e9tudes de cin\u00e9ma \u00e0 Paris 3. \u00bb JULIE CHARRIER, R\u00e9alisatrice et productrice de films de danse D\u00e8s l\u2019\u00e2ge de 4 ans, Julie Charrier danse. Pas sur le pont, mais au conservatoire d\u2019Avignon, elle suit les cours de la m\u00e9thode Ir\u00e8ne Popard, d\u00e9coulant elle-m\u00eame de la libert\u00e9 apport\u00e9e \u00e0 la pratique par Isadora Duncan. L\u2019enfance, fertile, voit aussi l\u2019av\u00e8nement d\u2019une volont\u00e9 cr\u00e9atrice\u00a0: \u00ab\u00a0Avant de me coucher, j\u2019accrochais des feuilles de papier sur [&hellip;]<\/p>\n","protected":false},"author":1,"featured_media":0,"parent":0,"menu_order":2,"comment_status":"closed","ping_status":"closed","template":"template-fullwidth.php","meta":{"footnotes":""},"class_list":["post-2703","page","type-page","status-publish","hentry"],"_links":{"self":[{"href":"https:\/\/www.fabricantsdefilms.occitanie-films.fr\/index.php?rest_route=\/wp\/v2\/pages\/2703","targetHints":{"allow":["GET"]}}],"collection":[{"href":"https:\/\/www.fabricantsdefilms.occitanie-films.fr\/index.php?rest_route=\/wp\/v2\/pages"}],"about":[{"href":"https:\/\/www.fabricantsdefilms.occitanie-films.fr\/index.php?rest_route=\/wp\/v2\/types\/page"}],"author":[{"embeddable":true,"href":"https:\/\/www.fabricantsdefilms.occitanie-films.fr\/index.php?rest_route=\/wp\/v2\/users\/1"}],"replies":[{"embeddable":true,"href":"https:\/\/www.fabricantsdefilms.occitanie-films.fr\/index.php?rest_route=%2Fwp%2Fv2%2Fcomments&post=2703"}],"version-history":[{"count":2,"href":"https:\/\/www.fabricantsdefilms.occitanie-films.fr\/index.php?rest_route=\/wp\/v2\/pages\/2703\/revisions"}],"predecessor-version":[{"id":3145,"href":"https:\/\/www.fabricantsdefilms.occitanie-films.fr\/index.php?rest_route=\/wp\/v2\/pages\/2703\/revisions\/3145"}],"wp:attachment":[{"href":"https:\/\/www.fabricantsdefilms.occitanie-films.fr\/index.php?rest_route=%2Fwp%2Fv2%2Fmedia&parent=2703"}],"curies":[{"name":"wp","href":"https:\/\/api.w.org\/{rel}","templated":true}]}}