{"id":2795,"date":"2020-09-02T08:57:30","date_gmt":"2020-09-02T07:57:30","guid":{"rendered":"http:\/\/www.fabricantsdefilms.occitanie-films.fr\/?page_id=2795"},"modified":"2020-09-02T11:33:53","modified_gmt":"2020-09-02T10:33:53","slug":"corinne-cartaillac-3-3-3","status":"publish","type":"page","link":"https:\/\/www.fabricantsdefilms.occitanie-films.fr\/?page_id=2795","title":{"rendered":"S\u00c9BASTIEN LASSERRE"},"content":{"rendered":"<figure id=\"attachment_2793\" aria-describedby=\"caption-attachment-2793\" style=\"width: 700px\" class=\"wp-caption alignleft\"><a href=\"http:\/\/www.fabricantsdefilms.occitanie-films.fr\/wp-content\/uploads\/2020\/09\/vincent_lasserre_ulrich_lebeuf.jpg\"><img loading=\"lazy\" decoding=\"async\" class=\"wp-image-2793 size-large\" src=\"http:\/\/www.fabricantsdefilms.occitanie-films.fr\/wp-content\/uploads\/2020\/09\/vincent_lasserre_ulrich_lebeuf-700x874.jpg\" alt=\"\" width=\"700\" height=\"874\" srcset=\"https:\/\/www.fabricantsdefilms.occitanie-films.fr\/wp-content\/uploads\/2020\/09\/vincent_lasserre_ulrich_lebeuf-700x874.jpg 700w, https:\/\/www.fabricantsdefilms.occitanie-films.fr\/wp-content\/uploads\/2020\/09\/vincent_lasserre_ulrich_lebeuf-430x537.jpg 430w, https:\/\/www.fabricantsdefilms.occitanie-films.fr\/wp-content\/uploads\/2020\/09\/vincent_lasserre_ulrich_lebeuf-768x959.jpg 768w, https:\/\/www.fabricantsdefilms.occitanie-films.fr\/wp-content\/uploads\/2020\/09\/vincent_lasserre_ulrich_lebeuf-800x999.jpg 800w, https:\/\/www.fabricantsdefilms.occitanie-films.fr\/wp-content\/uploads\/2020\/09\/vincent_lasserre_ulrich_lebeuf-500x624.jpg 500w, https:\/\/www.fabricantsdefilms.occitanie-films.fr\/wp-content\/uploads\/2020\/09\/vincent_lasserre_ulrich_lebeuf-2048x2558.jpg 2048w\" sizes=\"auto, (max-width: 700px) 100vw, 700px\" \/><\/a><figcaption id=\"caption-attachment-2793\" class=\"wp-caption-text\">\u00a9 ULRICH LEBEUF \/ MYOP<\/figcaption><\/figure>\n<h2><em>\u00ab\u00a0Montrer des films, c\u2019est toujours une \u00e9motion \u00bb<\/em><\/h2>\n<h1>S\u00c9BASTIEN LASSERRE,\u00a0Co-directeur de Gindou Cin\u00e9ma, co-programmateur du festival, Responsable des actions \u00ab La Ruche \u00bb et \u00ab Le go\u00fbt des autres \u00bb<\/h1>\n<p style=\"text-align: justify;\">De chaque c\u00f4t\u00e9 de la route, une \u00e9glise et une mairie se font face et deviennent centre d\u2019un monde d\u2019images et de \u00abtchatches\u00bb, chaque ann\u00e9e vers le 20 ao\u00fbt, et ce depuis 36 ans. A 30 kilom\u00e8tres de Cahors, Gindou, village de 300 habitant.e.s, parle du monde, de tout le monde, dans sa diversit\u00e9.<br \/>\nEn cette ann\u00e9e exceptionnelle, l\u2019\u00e9quipe des six permanent.e.s de <em>Gindou Cin\u00e9ma<\/em> s\u2019est interrog\u00e9e sur quoi faire en temps de coronavirus. Elle a opt\u00e9 pour l\u2019organisation de deux soir\u00e9es \u00e0 Prayssac et Cahors et une journ\u00e9e et une nuit \u00e0 Gindou en ao\u00fbt, qui se poursuivent par des <em>Rencontres hors les murs<\/em> dans les salles de cin\u00e9ma \u00e0 l\u2019automne.<br \/>\n\u00ab\u00a0<em>Nous n&rsquo;arrivions plus \u00e0 nous projeter.\u00a0<\/em>\u00bb S\u00e9bastien Lasserre, co-directeur avec Marie Virgo de <em>Gindou Cin\u00e9ma<\/em>, avoue que pour la premi\u00e8re fois, au creux de ce printemps confin\u00e9, l&rsquo;id\u00e9e de voir des films sans savoir s&rsquo;il pourrait les programmer l\u2019a d\u00e9stabilis\u00e9. Une sensation qu\u2019il n\u2019avait jamais ressentie depuis bient\u00f4t vingt ans qu&rsquo;il est en poste ici.<br \/>\nN\u00e9 \u00e0 Paris, son enfance suit le cours des mutations professionnelles du p\u00e8re ; il effectue ses ann\u00e9es de lyc\u00e9e \u00e0 Angers et opte apr\u00e8s le baccalaur\u00e9at pour l\u2019Institut d\u2019\u00e9tudes politiques \u00e0 Toulouse. Sans objectif particulier, mais avec un m\u00e9moire de fin d&rsquo;\u00e9tudes consacr\u00e9 \u00e0 l&rsquo;exploitation cin\u00e9matographique. Car celui qui, \u00e0 dix ans, \u00e9tait d\u00e9j\u00e0 prescripteur des films \u00e0 voir en famille, aime le cin\u00e9ma \u00e0 en devenir cin\u00e9phile.<\/p>\n<p style=\"text-align: justify;\">Quand Philippe \u00c9tienne, qui a longtemps gouvern\u00e9 les destin\u00e9es de <em>Gindou Cin\u00e9ma<\/em>, l&rsquo;appelle en 2001 pour rejoindre l&rsquo;\u00e9quipe, S\u00e9bastien Lasserre a 25 ans et cela fait deux semaines qu&rsquo;il cherche du travail, apr\u00e8s avoir exerc\u00e9 le m\u00e9tier de projectionniste en tant qu\u2019objecteur de conscience. Depuis, il a appris du lieu comme on apprend des autres. \u00ab\u00a0<em>Le moteur de Gindou c\u2019est la rencontre, les rencontres. C\u2019est pour cela que les gens reviennent, pour cette ambiance.<\/em>\u00a0\u00bb<br \/>\nII a contribu\u00e9 \u00e0 faire grandir l\u2019association, d\u00e9clar\u00e9e d\u2019int\u00e9r\u00eat g\u00e9n\u00e9ral : <em>Gindou Cin\u00e9ma<\/em> g\u00e8re d\u00e9sormais l\u2019accueil des tournages en Tarn-et-Garonne et dans le Lot, travaille avec les \u00e9tablissements scolaires du d\u00e9partement pour <em>Ecole et Coll\u00e8ge au cin\u00e9ma<\/em>, organise un concours de sc\u00e9nario pour les 12-18 ans, <em>Le go\u00fbt des autres<\/em>, et met en place des r\u00e9sidences d\u2019\u00e9criture.<\/p>\n<p style=\"text-align: justify;\">Et, bien s\u00fbr, organise toujours le festival du mois d\u2019ao\u00fbt. Avec Marie Virgo, ils voient quelques centaines de films par an, sans distinction de formes, de sujets ou de pays. Ici, pas de comp\u00e9tition. Gindou m\u00e9lange les genres, courts, longs, fictions, documentaires et se m\u00e9fie des \u00ab\u00a0<em>cases ghettos<\/em>\u00a0\u00bb.<\/p>\n<p style=\"text-align: justify;\">En 2013, Gindou cr\u00e9e <em>La Ruche<\/em>. Une r\u00e9sidence d\u2019\u00e9criture qui commence l\u2019\u00e9t\u00e9 sur place, continue en octobre durant le Festival international du film ind\u00e9pendant de Bordeaux et se termine \u00e0 Villeurbanne, pour le festival du film court. De jeunes gens, d\u2019origines diverses, sans \u00e9tudes particuli\u00e8res en cin\u00e9ma, se mettent \u00e0 l\u2019\u00e9preuve de la dur\u00e9e et de la confrontation pour construire le sc\u00e9nario d\u2019un premier court-m\u00e9trage professionnel. Participant \u00e0 ses d\u00e9buts, en 2014, Djigui Diarra est d\u00e9j\u00e0 revenu trois fois \u00e0 Gindou pour pr\u00e9senter ses films. \u00ab\u00a0<em>Il nous dit qu\u2019on est des Ovni, et qu\u2019il a besoin de venir r\u00e9guli\u00e8rement chez nous pour se ressourcer. Cela nous flatte, bien s\u00fbr ! <\/em>sourit S\u00e9bastien<em>. Mais La Ruche nous fait du bien \u00e0 nous aussi. Personnellement, cela m\u2019a ouvert, m\u2019a nourri.<\/em>\u00a0\u00bb<\/p>\n<p style=\"text-align: justify;\">S\u2019il se pose quelquefois la question de \u00ab\u00a0<em>bouger\u00a0<\/em>\u00bb, il dit \u00ab\u00a0<em>se reconna\u00eetre compl\u00e8tement dans ce qu\u2019il fait<\/em> \u00bb. Car c&rsquo;est <em>Gindou Cin\u00e9ma<\/em> qui bouge, en alerte sur l&rsquo;\u00e9mergence des soubresauts du monde comme sur celle des talents. Parce que <em>Gindou Cin\u00e9ma<\/em> est rest\u00e9, de mani\u00e8re souple et volontariste, un espace de libert\u00e9<em>.<\/em><\/p>\n<address style=\"text-align: justify;\">\u00a0<\/address>\n<address style=\"text-align: justify;\">\u00a0<\/address>\n<h3 style=\"text-align: justify;\"><\/h3>\n<h3 style=\"text-align: justify;\">5 dates qui ont marqu\u00e9 le parcours de <strong>S\u00e9bastien Lasserre<\/strong> :<\/h3>\n<p style=\"text-align: justify;\"><strong>1976<\/strong> : Naissance<br \/>\n<strong>1999<\/strong>\u00a0: Objection de conscience<br \/>\n<strong>2001<\/strong> : Arriv\u00e9e \u00e0 Gindou<br \/>\n<strong>2005<\/strong> : Cr\u00e9ation du concours <em><strong>Le go\u00fbt des autres<\/strong><\/em><br \/>\n<strong>2013<\/strong> : Cr\u00e9ation de <em><strong>La Ruche<\/strong><\/em><\/p>\n<p>&nbsp;<\/p>\n<h3 style=\"text-align: justify;\">5 films qui ont marqu\u00e9 le parcours de\u00a0<strong>S\u00e9bastien Lasserre <\/strong>:<\/h3>\n<p style=\"text-align: justify;\"><strong><em>Aujourd\u2019hui<\/em><\/strong> d\u2019Alain Gomis, 2012<br \/>\n<strong><em>La mort de Danton<\/em><\/strong> d\u2019Alice Diop, 2011<br \/>\n<strong><em>Quatre murs et le monde<\/em><\/strong> de Marc Weymuller, 2009<br \/>\n<strong><em>Quelques miettes pour les oiseaux<\/em><\/strong> de Nassim Amaouche, 2005<br \/>\n<strong><em>Rue des cit\u00e9s<\/em><\/strong> de Carine May et Hakim Zouhani, 2013<\/p>\n<p>&nbsp;<\/p>\n<h3 style=\"text-align: justify;\">Son actualit\u00e9 :<\/h3>\n<p style=\"text-align: justify;\">Mise en place en 2020 d\u2019une nouvelle r\u00e9sidence d\u2019\u00e9criture de long-m\u00e9trage de fiction.<\/p>\n","protected":false},"excerpt":{"rendered":"<p>\u00ab\u00a0Montrer des films, c\u2019est toujours une \u00e9motion \u00bb S\u00c9BASTIEN LASSERRE,\u00a0Co-directeur de Gindou Cin\u00e9ma, co-programmateur du festival, Responsable des actions \u00ab La Ruche \u00bb et \u00ab Le go\u00fbt des autres \u00bb De chaque c\u00f4t\u00e9 de la route, une \u00e9glise et une mairie se font face et deviennent centre d\u2019un monde d\u2019images et de \u00abtchatches\u00bb, chaque ann\u00e9e vers le 20 ao\u00fbt, et ce depuis 36 ans. A 30 kilom\u00e8tres de Cahors, Gindou, village de 300 habitant.e.s, parle du monde, de tout le monde, dans sa diversit\u00e9. En cette ann\u00e9e exceptionnelle, l\u2019\u00e9quipe des six permanent.e.s de Gindou Cin\u00e9ma s\u2019est interrog\u00e9e sur quoi faire [&hellip;]<\/p>\n","protected":false},"author":1,"featured_media":0,"parent":0,"menu_order":2,"comment_status":"closed","ping_status":"closed","template":"template-fullwidth.php","meta":{"footnotes":""},"class_list":["post-2795","page","type-page","status-publish","hentry"],"_links":{"self":[{"href":"https:\/\/www.fabricantsdefilms.occitanie-films.fr\/index.php?rest_route=\/wp\/v2\/pages\/2795","targetHints":{"allow":["GET"]}}],"collection":[{"href":"https:\/\/www.fabricantsdefilms.occitanie-films.fr\/index.php?rest_route=\/wp\/v2\/pages"}],"about":[{"href":"https:\/\/www.fabricantsdefilms.occitanie-films.fr\/index.php?rest_route=\/wp\/v2\/types\/page"}],"author":[{"embeddable":true,"href":"https:\/\/www.fabricantsdefilms.occitanie-films.fr\/index.php?rest_route=\/wp\/v2\/users\/1"}],"replies":[{"embeddable":true,"href":"https:\/\/www.fabricantsdefilms.occitanie-films.fr\/index.php?rest_route=%2Fwp%2Fv2%2Fcomments&post=2795"}],"version-history":[{"count":19,"href":"https:\/\/www.fabricantsdefilms.occitanie-films.fr\/index.php?rest_route=\/wp\/v2\/pages\/2795\/revisions"}],"predecessor-version":[{"id":2822,"href":"https:\/\/www.fabricantsdefilms.occitanie-films.fr\/index.php?rest_route=\/wp\/v2\/pages\/2795\/revisions\/2822"}],"wp:attachment":[{"href":"https:\/\/www.fabricantsdefilms.occitanie-films.fr\/index.php?rest_route=%2Fwp%2Fv2%2Fmedia&parent=2795"}],"curies":[{"name":"wp","href":"https:\/\/api.w.org\/{rel}","templated":true}]}}