{"id":2837,"date":"2021-04-21T17:52:06","date_gmt":"2021-04-21T16:52:06","guid":{"rendered":"http:\/\/www.fabricantsdefilms.occitanie-films.fr\/?page_id=2837"},"modified":"2021-04-26T09:09:49","modified_gmt":"2021-04-26T08:09:49","slug":"alain-temmerman-2","status":"publish","type":"page","link":"https:\/\/www.fabricantsdefilms.occitanie-films.fr\/?page_id=2837","title":{"rendered":"L\u00c9O PONGE"},"content":{"rendered":"<figure id=\"attachment_2836\" aria-describedby=\"caption-attachment-2836\" style=\"width: 430px\" class=\"wp-caption alignleft\"><a href=\"http:\/\/www.fabricantsdefilms.occitanie-films.fr\/wp-content\/uploads\/2021\/04\/leo-ponge-occitanie-film-ul-myop.jpg\"><img loading=\"lazy\" decoding=\"async\" class=\"wp-image-2836 size-medium\" src=\"http:\/\/www.fabricantsdefilms.occitanie-films.fr\/wp-content\/uploads\/2021\/04\/leo-ponge-occitanie-film-ul-myop-430x537.jpg\" alt=\"\" width=\"430\" height=\"537\" srcset=\"https:\/\/www.fabricantsdefilms.occitanie-films.fr\/wp-content\/uploads\/2021\/04\/leo-ponge-occitanie-film-ul-myop-430x537.jpg 430w, https:\/\/www.fabricantsdefilms.occitanie-films.fr\/wp-content\/uploads\/2021\/04\/leo-ponge-occitanie-film-ul-myop-768x959.jpg 768w, https:\/\/www.fabricantsdefilms.occitanie-films.fr\/wp-content\/uploads\/2021\/04\/leo-ponge-occitanie-film-ul-myop-700x874.jpg 700w, https:\/\/www.fabricantsdefilms.occitanie-films.fr\/wp-content\/uploads\/2021\/04\/leo-ponge-occitanie-film-ul-myop-800x999.jpg 800w, https:\/\/www.fabricantsdefilms.occitanie-films.fr\/wp-content\/uploads\/2021\/04\/leo-ponge-occitanie-film-ul-myop-500x625.jpg 500w, https:\/\/www.fabricantsdefilms.occitanie-films.fr\/wp-content\/uploads\/2021\/04\/leo-ponge-occitanie-film-ul-myop.jpg 2000w\" sizes=\"auto, (max-width: 430px) 100vw, 430px\" \/><\/a><figcaption id=\"caption-attachment-2836\" class=\"wp-caption-text\">L\u00e9o Ponge, Chef \u00e9lectro, r\u00e9alisateur. Photo: Ulrich Lebeuf \/ Myop<\/figcaption><\/figure>\n<h2><em>\u00ab <strong>Mettre des id\u00e9es en lumi\u00e8re<\/strong>.\u00a0\u00bb<br \/>\n<\/em><\/h2>\n<h1>L\u00c9O PONGE, Chef \u00e9lectricien et r\u00e9alisateur<\/h1>\n<p>&nbsp;<\/p>\n<p>&nbsp;<\/p>\n<p style=\"text-align: justify;\">La lumi\u00e8re de l\u2019Oc\u00e9an atlantique frise sur les vignes des Landes. Adolescent, L\u00e9o Ponge tourne avec sa cam\u00e9ra super 8, embarque la famille dans ses fictions. Mais des vignes au cin\u00e9ma, de l\u2019alambic \u00e0 la cam\u00e9ra, le chemin para\u00eet long, improbable. Issu d\u2019une famille de petits producteurs d\u2019Armagnac, L\u00e9o donne des gages de s\u00e9rieux et attaque ses \u00e9tudes par un dipl\u00f4me d\u2019\u00e9lectronique. Mais le cin\u00e9ma lui manque et il rejoint l\u2019universit\u00e9 de Bordeaux-III pour trois nouvelles ann\u00e9es d\u2019\u00e9tudes. Pr\u00e9sident du cin\u00e9-club, il pr\u00e9sente et apprend \u00e0 projeter, en 35 mm notamment, quelques films fondateurs, <em><strong>L\u2019Aurore<\/strong><\/em> de Murnau ou <strong><em>Andre\u00ef Roublev<\/em><\/strong> d&rsquo;Andre\u00ef Tarkovski.<\/p>\n<p style=\"text-align: justify;\">Il commence \u00e0 travailler en parall\u00e8le sur des tournages. Une production r\u00e9clame des stagiaires. Il aimerait bien \u00e0 la r\u00e9alisation. \u00ab\u00a0Ils m\u2019ont dit \u00ab\u00a0<em>calmez-vous, il reste des places en d\u00e9co<\/em> \u00bb. \u00ab <em>J\u2019ai donc particip\u00e9 \u00e0 la construction des d\u00e9cors et on m\u2019a propos\u00e9 en suivant un poste d\u2019accessoiriste sur le film<\/em>. \u00bb Il s\u2019agissait du premier de la trentaine de longs-m\u00e9trages auxquels il participera par la suite : <em><strong>L\u00e9ger tremblement du paysage<\/strong><\/em> de Philippe Fernandez. C\u2019est l\u00e0 qu\u2019il prend conscience de l\u2019importance de la lumi\u00e8re qui va donner aux d\u00e9cors auxquels il a contribu\u00e9 \u00ab\u00a0<em>une toute autre dimension\u00a0<\/em>\u00bb.<\/p>\n<p style=\"text-align: justify;\">Pour ma\u00eetriser ces techniques de la lumi\u00e8re et de la cam\u00e9ra, il passe le concours de l\u2019Ecole &#8211; \u00ab\u00a0<em>publique<\/em>\u00a0\u00bb pr\u00e9cise-t-il &#8211; Sup\u00e9rieure d\u2019Audiovisuel (Esav) de Toulouse, tout en continuant \u00e0 collaborer \u00e0 des tournages en tant que d\u00e9corateur ou, d\u00e9sormais, \u00e9lectricien. Sur un tournage, un chef op\u00e9rateur lui conseille de commencer \u00e0 s\u2019\u00e9quiper d\u2019une \u00ab\u00a0<em>bijoute<\/em>\u00a0\u00bb, bo\u00eete \u00e0 bijoux\/bo\u00eete \u00e0 outils compos\u00e9e de divers \u00e9l\u00e9ments, r\u00e9flecteurs, cadres de diffusion\u2026 pour sculpter la lumi\u00e8re. En dix ans, il va multiplier les tournages et passer de l\u2019\u00e9nergie de <em><strong>La bataille de Solf\u00e9rino<\/strong><\/em> de Justine Triet \u00e0 la rigueur de <em><strong>Petit Paysan<\/strong><\/em> d\u2019Hubert Charuel. Et de la pellicule au num\u00e9rique.<\/p>\n<p style=\"text-align: justify;\">Les mots-cl\u00e9s du m\u00e9tier sont en effet l\u2019adaptation et l\u2019anticipation. Les lumi\u00e8res se travaillent au pr\u00e9alable en collaboration \u00e9troite avec le.la chef.fe op\u00e9rat.eur.rice. \u00ab\u00a0<em>On s\u2019\u00e9change aussi en amont des documents, des tableaux, des photos, des extraits de films. Pendant le tournage, on va plus vite, il suffit de faire r\u00e9f\u00e9rence \u00e0 cette imagerie commune &#8211; \u00ab\u00a0Tu te souviens de ce clair-obscur dans les peintures du Caravage ?<\/em>\u00a0\u00bb <em>&#8211; pour travailler plus efficacement au plateau<\/em>\u00a0\u00bb explique L\u00e9o. Il faut avoir une vision d\u2019ensemble, travailler avec les autres corps de m\u00e9tiers pour \u00e9viter une ombre de perche par exemple. Et savoir s\u2019adapter, donc. \u00ab\u00a0<em>Pour<\/em> <em><strong>Petit Paysan<\/strong><\/em>, <em>Swann Arlaud devait faire v\u00ealer une vache. Il fallait \u00eatre pr\u00eat pour la circonstance, pr\u00e9-installer les lumi\u00e8res sur un pupitre, prendre en compte le fait que cela pourrait \u00eatre de jour ou de nuit, que cela pouvait arriver n\u2019importe quand et \u00eatre pr\u00eats en tr\u00e8s peu de temps pour filmer cette sc\u00e8ne<\/em>.\u00a0\u00bb<\/p>\n<p style=\"text-align: justify;\">Un m\u00e9tier plus ou moins sportif aussi. Quelquefois plus que moins comme pour <em><strong>La loi de la jungle<\/strong><\/em> de Antonin Peretjatko, tourn\u00e9 en for\u00eat amazonienne, o\u00f9 il fallait se faire la route au coupe-coupe pour installer des projecteurs.<\/p>\n<p style=\"text-align: justify;\">Ces deux facult\u00e9s lui servent sur ses propres tournages.\u00a0\u00ab<em>\u00a0Le fait d\u2019avoir cette vue d\u2019ensemble, d\u2019\u00eatre au plus proche des com\u00e9dien.ne.s, de conna\u00eetre chacun des m\u00e9tiers fait que je ma\u00eetrise mieux le temps et je prends un vrai plaisir \u00e0 \u00eatre sur un plateau de cin\u00e9ma<\/em>.\u00a0\u00bb A l\u2019Ensav (alors Esav), il avait commenc\u00e9 \u00e0 tourner ses premiers films. L\u2019un d\u2019entre eux, pris en charge en production par Laurine Pelassy pour Rectangle productions, deviendra un documentaire au grand air, une qu\u00eate \u00e0 la recherche d\u2019un animal mythique, sorte de Y\u00e9ti canadien, le Sasquatch.<\/p>\n<p style=\"text-align: justify;\">Le grand air, c\u2019est le souffle du cin\u00e9ma de L\u00e9o Ponge. Install\u00e9 dans le Tarn, il travaille \u00e0 l\u2019\u00e9criture de son premier long-m\u00e9trage. \u00ab<em>\u00a0Le rapport \u00e0 la nature est essentiel. Pour moi, c\u2019est m\u00eame un personnage<\/em>.\u00a0\u00bb Dans son court m\u00e9trage de fiction <em><strong>Memoria<\/strong><\/em>, ce sont les Pyr\u00e9n\u00e9es ari\u00e9geoises qui incarnent le r\u00f4le aux c\u00f4t\u00e9s de Juliette Lamboley et Fran\u00e7ois Chattot. Pour son futur film, il traversera ces Pyr\u00e9n\u00e9es pour filmer un village englouti, englouti comme la m\u00e9moire d\u2019une des atrocit\u00e9s de la dictature franquiste, celle des b\u00e9b\u00e9s vol\u00e9s \u00e0 leurs parents pour raisons \u00ab id\u00e9ologiques \u00bb. Ce sera le th\u00e8me de <em><strong>Alma<\/strong><\/em>.<\/p>\n<h3><\/h3>\n<h3><strong>5 dates qui ont marqu\u00e9 le parcours de L\u00e9o Ponge :<\/strong><\/h3>\n<p><strong>1983<\/strong> : Naissance au c\u0153ur des Landes.<br \/>\n<strong>2006<\/strong> : Arriv\u00e9e dans la r\u00e9gion Occitanie.<br \/>\n<strong>2009<\/strong> : Dipl\u00f4m\u00e9 de l\u2019Ecole Sup\u00e9rieure d\u2019Audiovisuel de Toulouse<br \/>\n<strong>2012<\/strong> : Tournage de son premier film Au c\u0153ur de la for\u00eat du Sasquatch au Canada, documentaire de 70 mn., Rectangle productions, diff. festivals, Plan\u00e8te Plus, T\u00e9l\u00e9Toulouse.<br \/>\n<strong>2017<\/strong> : Tournage de Memoria dans les Pyr\u00e9n\u00e9es centrales, fiction, 28 mn., prod. Les films de la capitaine, diff. festivals, France T\u00e9l\u00e9visions.<\/p>\n<h3>\n<strong>Films qui ont marqu\u00e9 le parcours de L\u00e9o Ponge\u00a0:<\/strong><\/h3>\n<p><em><strong>L\u00e9ger Tremblement du Paysage<\/strong><\/em>, de Philippe Fernandez, 2004, Ostinato production, construction de d\u00e9cors et accessoiriste, premier tournage de long m\u00e9trage.<br \/>\n<em><strong>Hansel &amp; Gretel, witch hunters<\/strong><\/em> de Tommy Wirkola, 2009, Paramount &amp; MGM productions, best boy electric \u00e0 Bordeaux.<br \/>\n<em><strong>La Bataille de Solf\u00e9rino<\/strong><\/em>, de Justine Triet, 2012, Ecce films, Chef \u00e9lectricien.<br \/>\n<em><strong>La Loi de la Jungle<\/strong><\/em>, d&rsquo;Antonin Peretjatko, 2015, Rectangle productions, Chef \u00e9lectricien. Tournage en Guyane.<br \/>\n<em><strong>Petit Paysan<\/strong><\/em> d&rsquo;Hubert Charuel, 2016, Domino Films, Chef \u00e9lectricien.<\/p>\n<h3>\n<strong>Son actualit\u00e9 :<\/strong><\/h3>\n<p>Ecriture avec Arthur Cahn et d\u00e9veloppement de son premier long m\u00e9trage de fiction : <em><strong>Alma<\/strong><\/em>.<\/p>\n<p>&nbsp;<\/p>\n<p>&nbsp;<\/p>\n","protected":false},"excerpt":{"rendered":"<p>\u00ab Mettre des id\u00e9es en lumi\u00e8re.\u00a0\u00bb L\u00c9O PONGE, Chef \u00e9lectricien et r\u00e9alisateur &nbsp; &nbsp; La lumi\u00e8re de l\u2019Oc\u00e9an atlantique frise sur les vignes des Landes. Adolescent, L\u00e9o Ponge tourne avec sa cam\u00e9ra super 8, embarque la famille dans ses fictions. Mais des vignes au cin\u00e9ma, de l\u2019alambic \u00e0 la cam\u00e9ra, le chemin para\u00eet long, improbable. Issu d\u2019une famille de petits producteurs d\u2019Armagnac, L\u00e9o donne des gages de s\u00e9rieux et attaque ses \u00e9tudes par un dipl\u00f4me d\u2019\u00e9lectronique. Mais le cin\u00e9ma lui manque et il rejoint l\u2019universit\u00e9 de Bordeaux-III pour trois nouvelles ann\u00e9es d\u2019\u00e9tudes. Pr\u00e9sident du cin\u00e9-club, il pr\u00e9sente et apprend \u00e0 [&hellip;]<\/p>\n","protected":false},"author":1,"featured_media":0,"parent":0,"menu_order":2,"comment_status":"closed","ping_status":"closed","template":"template-fullwidth.php","meta":{"footnotes":""},"class_list":["post-2837","page","type-page","status-publish","hentry"],"_links":{"self":[{"href":"https:\/\/www.fabricantsdefilms.occitanie-films.fr\/index.php?rest_route=\/wp\/v2\/pages\/2837","targetHints":{"allow":["GET"]}}],"collection":[{"href":"https:\/\/www.fabricantsdefilms.occitanie-films.fr\/index.php?rest_route=\/wp\/v2\/pages"}],"about":[{"href":"https:\/\/www.fabricantsdefilms.occitanie-films.fr\/index.php?rest_route=\/wp\/v2\/types\/page"}],"author":[{"embeddable":true,"href":"https:\/\/www.fabricantsdefilms.occitanie-films.fr\/index.php?rest_route=\/wp\/v2\/users\/1"}],"replies":[{"embeddable":true,"href":"https:\/\/www.fabricantsdefilms.occitanie-films.fr\/index.php?rest_route=%2Fwp%2Fv2%2Fcomments&post=2837"}],"version-history":[{"count":6,"href":"https:\/\/www.fabricantsdefilms.occitanie-films.fr\/index.php?rest_route=\/wp\/v2\/pages\/2837\/revisions"}],"predecessor-version":[{"id":2843,"href":"https:\/\/www.fabricantsdefilms.occitanie-films.fr\/index.php?rest_route=\/wp\/v2\/pages\/2837\/revisions\/2843"}],"wp:attachment":[{"href":"https:\/\/www.fabricantsdefilms.occitanie-films.fr\/index.php?rest_route=%2Fwp%2Fv2%2Fmedia&parent=2837"}],"curies":[{"name":"wp","href":"https:\/\/api.w.org\/{rel}","templated":true}]}}