{"id":2903,"date":"2021-05-03T14:15:35","date_gmt":"2021-05-03T13:15:35","guid":{"rendered":"http:\/\/www.fabricantsdefilms.occitanie-films.fr\/?page_id=2903"},"modified":"2021-05-03T14:24:27","modified_gmt":"2021-05-03T13:24:27","slug":"alain-temmerman-2-4-3","status":"publish","type":"page","link":"https:\/\/www.fabricantsdefilms.occitanie-films.fr\/?page_id=2903","title":{"rendered":"JUSTINE THIBAUT"},"content":{"rendered":"<figure id=\"attachment_2907\" aria-describedby=\"caption-attachment-2907\" style=\"width: 430px\" class=\"wp-caption alignleft\"><a href=\"http:\/\/www.fabricantsdefilms.occitanie-films.fr\/wp-content\/uploads\/2021\/05\/justine-thibaut-occitanie-film-ul-myop-8157.jpg\"><img loading=\"lazy\" decoding=\"async\" class=\"wp-image-2907 size-medium\" src=\"http:\/\/www.fabricantsdefilms.occitanie-films.fr\/wp-content\/uploads\/2021\/05\/justine-thibaut-occitanie-film-ul-myop-8157-430x537.jpg\" alt=\"\" width=\"430\" height=\"537\" srcset=\"https:\/\/www.fabricantsdefilms.occitanie-films.fr\/wp-content\/uploads\/2021\/05\/justine-thibaut-occitanie-film-ul-myop-8157-430x537.jpg 430w, https:\/\/www.fabricantsdefilms.occitanie-films.fr\/wp-content\/uploads\/2021\/05\/justine-thibaut-occitanie-film-ul-myop-8157-768x959.jpg 768w, https:\/\/www.fabricantsdefilms.occitanie-films.fr\/wp-content\/uploads\/2021\/05\/justine-thibaut-occitanie-film-ul-myop-8157-700x874.jpg 700w, https:\/\/www.fabricantsdefilms.occitanie-films.fr\/wp-content\/uploads\/2021\/05\/justine-thibaut-occitanie-film-ul-myop-8157-800x999.jpg 800w, https:\/\/www.fabricantsdefilms.occitanie-films.fr\/wp-content\/uploads\/2021\/05\/justine-thibaut-occitanie-film-ul-myop-8157-500x624.jpg 500w, https:\/\/www.fabricantsdefilms.occitanie-films.fr\/wp-content\/uploads\/2021\/05\/justine-thibaut-occitanie-film-ul-myop-8157-2048x2558.jpg 2048w\" sizes=\"auto, (max-width: 430px) 100vw, 430px\" \/><\/a><figcaption id=\"caption-attachment-2907\" class=\"wp-caption-text\">Justine Thibaut, Lead Composing Artist, 2021 Photo; Ulrich Lebeuf \/ Myop<\/figcaption><\/figure>\n<h2 style=\"text-align: justify;\"><em>\u00ab <strong>On met toutes et tous quelque chose de nous dans ces m\u00e9tiers de passion.<\/strong> \u00bb<br \/>\n<\/em><\/h2>\n<h1 style=\"text-align: justify;\">JUSTINE THIBAUT, Lead Compositing Artist<\/h1>\n<p style=\"text-align: justify;\">L\u2019ann\u00e9e de ses 29 ans, Justine Thibaut devient Lead compositing artist. Pour comprendre en quoi consiste son m\u00e9tier, il suffit de s\u2019attarder sur ce nom compos\u00e9. \u00ab\u00a0<em>Lead<\/em>\u00a0\u00bb c\u2019est avoir le sens et le go\u00fbt des responsabilit\u00e9s pour encadrer une \u00e9quipe d\u2019une petite dizaine d\u2019infographistes. \u00ab\u00a0<em>Artist<\/em>\u00a0\u00bb, c\u2019est qu\u2019il s\u2019agit d\u2019avoir une sensibilit\u00e9 artistique, un go\u00fbt de la mise en lumi\u00e8re et le sens de la beaut\u00e9 des choses. Enfin, le \u00ab\u00a0<em>compositing<\/em>\u00a0\u00bb : c\u2019est l\u2019une des derni\u00e8res \u00e9tapes de la fabrication d\u2019un film d\u2019animation en 3D o\u00f9 l\u2019on r\u00e9cup\u00e8re les diff\u00e9rentes images d\u2019une s\u00e9quence d\u00e9compos\u00e9e en plusieurs couches, d\u00e9cors, personnages, objets :\u00a0<em>\u00ab\u00a0On donne une plus-value \u00e0 l\u2019ensemble, dans un \u00e9change avec les r\u00e9alisat.eur.rice.s, on met en valeur l\u2019image par les lumi\u00e8res, les teintes, les profondeurs de champ, les flous\u2026\u00a0\u00bb <\/em>Comme pour un mixage en son, ce processus doit sublimer l\u2019image. <em>\u00ab\u00a0On a envie, \u00e9videmment, de rendre la plus belle image possible et surtout ne pas se dire apr\u00e8s coup que l\u2019on aurait pu faire mieux !\u00a0\u00bb<\/em><\/p>\n<p style=\"text-align: justify;\">A TAT productions, soci\u00e9t\u00e9 toulousaine de cr\u00e9ation de dessins anim\u00e9s, elle est en charge avec son \u00e9quipe du futur film <strong><em>Pil<\/em> <\/strong>qui devrait \u00eatre finalis\u00e9 \u00e0 l\u2019\u00e9t\u00e9 avec une sortie esp\u00e9r\u00e9e \u00e0 l\u2019automne 2021. TAT l\u2019a accueillie \u00e0 ses d\u00e9buts. Une rencontre au festival d\u2019animation d\u2019Annecy avec son directeur St\u00e9phane Margail, et elle quittait son Nord natal pour s\u2019installer \u00e0 Toulouse avec un premier contrat de trois mois pour travailler sur <em><strong>Les As de la jungle<\/strong><\/em>, le premier succ\u00e8s de l\u2019entreprise cr\u00e9\u00e9e en 2000 par David Alaux, Eric Tosti et Jean-Fran\u00e7ois Tosti.<\/p>\n<p style=\"text-align: justify;\">A TAT, cent cinquante personnes environ constituent l\u2019\u00e9quipe. Tous les m\u00e9tiers composant cette succession de professionnel.le.s que n\u00e9cessite un film d\u2019animation travaillent \u00e0 proximit\u00e9.<em> \u00ab\u00a0Le fait que l\u2019ensemble de la cha\u00eene de fabrication soit sur place nous permet de suivre un film \u00e0 toutes les \u00e9tapes de sa cr\u00e9ation, de dialoguer avec les mont.eur.se.s, les personnes en charge des d\u00e9cors\u2026\u00a0\u00bb\u00a0 <\/em>Et d\u2019\u00eatre encore mieux associ\u00e9.e.s \u00e0 sa r\u00e9ussite. <em>\u00ab\u00a0Quand pour <strong>Terra Willy<\/strong><\/em>,<em> par exemple, les critiques ont soulign\u00e9 la qualit\u00e9 de l\u2019ambiance, des couleurs, bien s\u00fbr que c\u2019\u00e9tait gratifiant pour nous !\u00a0\u00bb <\/em><\/p>\n<p style=\"text-align: justify;\">Une gratification d\u2019autant plus importante qu\u2019une seule s\u00e9quence aura n\u00e9cessit\u00e9 pr\u00e8s de trois semaines de travail. La patience et l\u2019amour du travail bien cisel\u00e9, Justine Thibaut pense l\u2019avoir apprise de son p\u00e8re, artisan-proth\u00e9siste dentaire qu\u2019elle a vu travailler jour et nuit \u00e0 peaufiner l\u2019objet final. Enfant, Justine dessine. Et voit <strong><em>Le Roi Lion <\/em><\/strong>une bonne centaine de fois. Une app\u00e9tence pour les dessins anim\u00e9s qui va nourrir son imaginaire et la conduire vers un master 2 au P\u00f4le 3D de l\u2019universit\u00e9 de Roubaix et un premier stage \u00e0 Angoul\u00eame dans les studios de Blue Spirit.<\/p>\n<p style=\"text-align: justify;\"><span class=\"Aucun\"><span style=\"font-size: 12.0pt;\"><i>Aujourd\u2019hui\u00a0encore, elle essaie de dessiner tous les jours. Apr\u00e8s, c\u2019est une question de temps et le travail lui en prend beaucoup : \u00ab<em>\u00a0Ce sont des m\u00e9tiers de passion. On ne compte pas ses heures, on est tenu.e.s par l\u2019objectif d\u2019obtenir le meilleur rendu possible.\u00a0\u00bb <\/em>Pour dessiner, Justine observe autour d\u2019elle. Les gens, le b\u00e2ti, la nature, les ombres et les lumi\u00e8res. Une qualit\u00e9 d\u2019observation qui lui est bien utile revenue derri\u00e8re ses ordinateurs pour mettre en lumi\u00e8re et en perspective les quelques 120 000 images qui deviendront, par les soins de toute une \u00e9quipe, des films anim\u00e9s qui porteront tous quelque chose de celles et ceux qui y auront travaill\u00e9.<br \/>\n<\/i><\/span><\/span><\/p>\n<h3 style=\"text-align: justify;\"><\/h3>\n<p>&nbsp;<\/p>\n<h3 style=\"text-align: justify;\"><strong>5 dates qui ont marqu\u00e9 le parcours de Justine Thibaut :<\/strong><\/h3>\n<p class=\"CorpsA\" style=\"text-align: justify;\"><strong>1991 :<\/strong> Ann\u00e9e de naissance et enfance pass\u00e9e \u00e0 Hazebrouck dans le Nord-Pas-de-Calais.<br \/>\n<strong>2016 : <\/strong>Master 2 au P\u00f4le 3D de l\u2019Universit\u00e9 de Roubaix.<br \/>\n<strong>2015 : <\/strong>Stage \u00e0 Blue Spirit (<em><strong>Ma vie de courgette<\/strong>, <strong>Les myst\u00e9rieuses cit\u00e9s d\u2019or<\/strong>, \u2026)<\/em> \u00e0 Angoul\u00eame.<br \/>\n<strong>2016 : <\/strong>Arriv\u00e9e \u00e0 Toulouse pour un premier contrat avec TAT productions en tant qu\u2019infographiste.<br \/>\n<span class=\"Aucun\"><span style=\"font-size: 12.0pt;\"><strong>2020 : <\/strong>Premier poste en tant que Lead Compositing Artist \u00e0 TAT productions.<\/span><\/span><\/p>\n<h3 style=\"text-align: justify;\"><strong><br \/>\nFilms qui ont marqu\u00e9 le parcours de <\/strong><strong>Justine Thibaut<\/strong><strong>\u00a0<\/strong><strong>:<\/strong><\/h3>\n<p style=\"text-align: justify;\"><i><\/i><span class=\"Aucun\"><b><i><span style=\"font-size: 12.0pt;\">Le Roi Lion,<\/span><\/i><\/b><\/span><span style=\"font-size: 12.0pt;\"> <span class=\"Aucun\"><i>de Roger Allers et Rob Minkoff, 1994, Studios Disney.<\/i><\/span> Le film de l\u2019enfance vu une centaine de fois.<br \/>\n<\/span><span class=\"Aucun\"><b><i><span style=\"font-size: 12.0pt;\">Les As de la jungle, <\/span><\/i><\/b><\/span><span class=\"Aucun\"><i><span style=\"font-size: 12.0pt;\">de David Alaux, 2017, TAT productions.<\/span><\/i><\/span><span style=\"font-size: 12.0pt;\"> Premier film sur lequel elle a travaill\u00e9 pour TAT.<br \/>\n<\/span><span class=\"Aucun\"><b><i><span style=\"font-size: 12.0pt;\">Terra Willy, plan\u00e8te inconnue, <\/span><\/i><\/b><\/span><span class=\"Aucun\"><i><span style=\"font-size: 12.0pt;\">de Eric Tosti, 2019, TAT productions.<\/span><\/i><\/span><span style=\"font-size: 12.0pt;\"> Sa seconde participation \u00e0 un film de TAT en tant que Compositing Artist.<br \/>\n<\/span><span class=\"Aucun\"><b><i><span style=\"font-size: 12.0pt;\">L\u2019\u00eele aux chiens, <\/span><\/i><\/b><\/span><span class=\"Aucun\"><i><span style=\"font-size: 12.0pt;\">de Wes Anderson, 2018, American Empirical Pictures. <\/span><\/i><\/span><span style=\"font-size: 12.0pt;\">Film en stop motion qu\u2019elle a beaucoup aim\u00e9.<br \/>\n<\/span><span class=\"Aucun\"><b><i><span style=\"font-size: 12.0pt;\">Pil,<\/span><\/i><\/b><\/span><span style=\"font-size: 12.0pt;\"> de Julien Fournet, 2021, TAT productions. Le film sur lequel elle travaille en ce moment<span class=\"Aucun\"><i> \u00ab\u00a0et c\u2019est toujours le film le plus important !\u00a0\u00bb<\/i><\/span>.<\/span><\/p>\n<p>&nbsp;<\/p>\n<p>&nbsp;<\/p>\n","protected":false},"excerpt":{"rendered":"<p>\u00ab On met toutes et tous quelque chose de nous dans ces m\u00e9tiers de passion. \u00bb JUSTINE THIBAUT, Lead Compositing Artist L\u2019ann\u00e9e de ses 29 ans, Justine Thibaut devient Lead compositing artist. Pour comprendre en quoi consiste son m\u00e9tier, il suffit de s\u2019attarder sur ce nom compos\u00e9. \u00ab\u00a0Lead\u00a0\u00bb c\u2019est avoir le sens et le go\u00fbt des responsabilit\u00e9s pour encadrer une \u00e9quipe d\u2019une petite dizaine d\u2019infographistes. \u00ab\u00a0Artist\u00a0\u00bb, c\u2019est qu\u2019il s\u2019agit d\u2019avoir une sensibilit\u00e9 artistique, un go\u00fbt de la mise en lumi\u00e8re et le sens de la beaut\u00e9 des choses. Enfin, le \u00ab\u00a0compositing\u00a0\u00bb : c\u2019est l\u2019une des derni\u00e8res \u00e9tapes de la fabrication [&hellip;]<\/p>\n","protected":false},"author":1,"featured_media":0,"parent":0,"menu_order":2,"comment_status":"closed","ping_status":"closed","template":"template-fullwidth.php","meta":{"footnotes":""},"class_list":["post-2903","page","type-page","status-publish","hentry"],"_links":{"self":[{"href":"https:\/\/www.fabricantsdefilms.occitanie-films.fr\/index.php?rest_route=\/wp\/v2\/pages\/2903","targetHints":{"allow":["GET"]}}],"collection":[{"href":"https:\/\/www.fabricantsdefilms.occitanie-films.fr\/index.php?rest_route=\/wp\/v2\/pages"}],"about":[{"href":"https:\/\/www.fabricantsdefilms.occitanie-films.fr\/index.php?rest_route=\/wp\/v2\/types\/page"}],"author":[{"embeddable":true,"href":"https:\/\/www.fabricantsdefilms.occitanie-films.fr\/index.php?rest_route=\/wp\/v2\/users\/1"}],"replies":[{"embeddable":true,"href":"https:\/\/www.fabricantsdefilms.occitanie-films.fr\/index.php?rest_route=%2Fwp%2Fv2%2Fcomments&post=2903"}],"version-history":[{"count":5,"href":"https:\/\/www.fabricantsdefilms.occitanie-films.fr\/index.php?rest_route=\/wp\/v2\/pages\/2903\/revisions"}],"predecessor-version":[{"id":2909,"href":"https:\/\/www.fabricantsdefilms.occitanie-films.fr\/index.php?rest_route=\/wp\/v2\/pages\/2903\/revisions\/2909"}],"wp:attachment":[{"href":"https:\/\/www.fabricantsdefilms.occitanie-films.fr\/index.php?rest_route=%2Fwp%2Fv2%2Fmedia&parent=2903"}],"curies":[{"name":"wp","href":"https:\/\/api.w.org\/{rel}","templated":true}]}}