{"id":3048,"date":"2022-05-09T08:47:13","date_gmt":"2022-05-09T07:47:13","guid":{"rendered":"https:\/\/www.fabricantsdefilms.occitanie-films.fr\/?page_id=3048"},"modified":"2022-05-09T08:47:13","modified_gmt":"2022-05-09T07:47:13","slug":"alain-temmerman-agrandissement-4","status":"publish","type":"page","link":"https:\/\/www.fabricantsdefilms.occitanie-films.fr\/?page_id=3048","title":{"rendered":"AURELIE JOLIBERT"},"content":{"rendered":"<h1 style=\"text-align: left;\">Premi\u00e8re assistante d\u00e9coratrice<\/h1>\n<p style=\"text-align: center;\">\n<figure id=\"attachment_3028\" aria-describedby=\"caption-attachment-3028\" style=\"width: 2000px\" class=\"wp-caption alignleft\"><a href=\"https:\/\/www.fabricantsdefilms.occitanie-films.fr\/wp-content\/uploads\/2022\/03\/aurelie-jolibert-myop-0010.jpg\"><img loading=\"lazy\" decoding=\"async\" class=\"wp-image-3028\" src=\"https:\/\/www.fabricantsdefilms.occitanie-films.fr\/wp-content\/uploads\/2022\/03\/aurelie-jolibert-myop-0010-700x874.jpg\" alt=\"\" width=\"2000\" height=\"2498\" srcset=\"https:\/\/www.fabricantsdefilms.occitanie-films.fr\/wp-content\/uploads\/2022\/03\/aurelie-jolibert-myop-0010-700x874.jpg 700w, https:\/\/www.fabricantsdefilms.occitanie-films.fr\/wp-content\/uploads\/2022\/03\/aurelie-jolibert-myop-0010-430x537.jpg 430w, https:\/\/www.fabricantsdefilms.occitanie-films.fr\/wp-content\/uploads\/2022\/03\/aurelie-jolibert-myop-0010-768x959.jpg 768w, https:\/\/www.fabricantsdefilms.occitanie-films.fr\/wp-content\/uploads\/2022\/03\/aurelie-jolibert-myop-0010-800x999.jpg 800w, https:\/\/www.fabricantsdefilms.occitanie-films.fr\/wp-content\/uploads\/2022\/03\/aurelie-jolibert-myop-0010-500x625.jpg 500w, https:\/\/www.fabricantsdefilms.occitanie-films.fr\/wp-content\/uploads\/2022\/03\/aurelie-jolibert-myop-0010.jpg 2000w\" sizes=\"auto, (max-width: 2000px) 100vw, 2000px\" \/><\/a><figcaption id=\"caption-attachment-3028\" class=\"wp-caption-text\">AUR\u00c9LIE JOLIBERT, D\u00c9CORATRICE SUR LE D\u00c9COR DU TOURNAGE DU FILM DE ANDR\u00c9 T\u00c9CHIN\u00c9 EN ARIEGE.<br \/>Photo: Ulrich Lebeuf \/ Myop pour Occitanie Film<\/figcaption><\/figure>\n","protected":false},"excerpt":{"rendered":"<p>Premi\u00e8re assistante d\u00e9coratrice<\/p>\n","protected":false},"author":1,"featured_media":0,"parent":0,"menu_order":68,"comment_status":"closed","ping_status":"closed","template":"template-fullwidth.php","meta":{"footnotes":""},"class_list":["post-3048","page","type-page","status-publish","hentry"],"_links":{"self":[{"href":"https:\/\/www.fabricantsdefilms.occitanie-films.fr\/index.php?rest_route=\/wp\/v2\/pages\/3048","targetHints":{"allow":["GET"]}}],"collection":[{"href":"https:\/\/www.fabricantsdefilms.occitanie-films.fr\/index.php?rest_route=\/wp\/v2\/pages"}],"about":[{"href":"https:\/\/www.fabricantsdefilms.occitanie-films.fr\/index.php?rest_route=\/wp\/v2\/types\/page"}],"author":[{"embeddable":true,"href":"https:\/\/www.fabricantsdefilms.occitanie-films.fr\/index.php?rest_route=\/wp\/v2\/users\/1"}],"replies":[{"embeddable":true,"href":"https:\/\/www.fabricantsdefilms.occitanie-films.fr\/index.php?rest_route=%2Fwp%2Fv2%2Fcomments&post=3048"}],"version-history":[{"count":1,"href":"https:\/\/www.fabricantsdefilms.occitanie-films.fr\/index.php?rest_route=\/wp\/v2\/pages\/3048\/revisions"}],"predecessor-version":[{"id":3049,"href":"https:\/\/www.fabricantsdefilms.occitanie-films.fr\/index.php?rest_route=\/wp\/v2\/pages\/3048\/revisions\/3049"}],"wp:attachment":[{"href":"https:\/\/www.fabricantsdefilms.occitanie-films.fr\/index.php?rest_route=%2Fwp%2Fv2%2Fmedia&parent=3048"}],"curies":[{"name":"wp","href":"https:\/\/api.w.org\/{rel}","templated":true}]}}

<h1 style="text-align: left;">Première assistante décoratrice</h1>
<p style="text-align: center;">
<figure id="attachment_3028" aria-describedby="caption-attachment-3028" style="width: 2000px" class="wp-caption alignleft"><a href="https://www.fabricantsdefilms.occitanie-films.fr/wp-content/uploads/2022/03/aurelie-jolibert-myop-0010.jpg"><img loading="lazy" decoding="async" class="wp-image-3028" src="https://www.fabricantsdefilms.occitanie-films.fr/wp-content/uploads/2022/03/aurelie-jolibert-myop-0010-700x874.jpg" alt="" width="2000" height="2498" srcset="https://www.fabricantsdefilms.occitanie-films.fr/wp-content/uploads/2022/03/aurelie-jolibert-myop-0010-700x874.jpg 700w, https://www.fabricantsdefilms.occitanie-films.fr/wp-content/uploads/2022/03/aurelie-jolibert-myop-0010-430x537.jpg 430w, https://www.fabricantsdefilms.occitanie-films.fr/wp-content/uploads/2022/03/aurelie-jolibert-myop-0010-768x959.jpg 768w, https://www.fabricantsdefilms.occitanie-films.fr/wp-content/uploads/2022/03/aurelie-jolibert-myop-0010-800x999.jpg 800w, https://www.fabricantsdefilms.occitanie-films.fr/wp-content/uploads/2022/03/aurelie-jolibert-myop-0010-500x625.jpg 500w, https://www.fabricantsdefilms.occitanie-films.fr/wp-content/uploads/2022/03/aurelie-jolibert-myop-0010.jpg 2000w" sizes="auto, (max-width: 2000px) 100vw, 2000px" /></a><figcaption id="caption-attachment-3028" class="wp-caption-text">AURÉLIE JOLIBERT, DÉCORATRICE SUR LE DÉCOR DU TOURNAGE DU FILM DE ANDRÉ TÉCHINÉ EN ARIEGE.<br />Photo: Ulrich Lebeuf / Myop pour Occitanie Film</figcaption></figure>

<p>Première assistante décoratrice</p>
